{"id":63,"date":"2024-04-25T15:42:06","date_gmt":"2024-04-25T15:42:06","guid":{"rendered":"https:\/\/formacion.psicothing.com\/?page_id=63"},"modified":"2024-06-27T10:00:19","modified_gmt":"2024-06-27T10:00:19","slug":"pagina-gracias","status":"publish","type":"page","link":"https:\/\/formacion.psicothing.com\/index.php\/pagina-gracias\/","title":{"rendered":"P\u00e1gina Gracias"},"content":{"rendered":"\t\t<div data-elementor-type=\"wp-page\" data-elementor-id=\"63\" class=\"elementor elementor-63\" data-elementor-post-type=\"page\">\n\t\t\t\t<div class=\"elementor-element elementor-element-5973cd8 e-con-full e-flex e-con e-parent\" data-id=\"5973cd8\" data-element_type=\"container\" data-e-type=\"container\" data-settings=\"{&quot;background_background&quot;:&quot;classic&quot;}\">\n\t\t<div class=\"elementor-element elementor-element-1d553391 e-con-full e-flex e-con e-child\" data-id=\"1d553391\" data-element_type=\"container\" data-e-type=\"container\">\n\t\t\t\t<div class=\"elementor-element elementor-element-4d36074a elementor-widget__width-auto elementor-widget elementor-widget-heading\" data-id=\"4d36074a\" data-element_type=\"widget\" data-e-type=\"widget\" data-widget_type=\"heading.default\">\n\t\t\t\t<div class=\"elementor-widget-container\">\n\t\t\t\t\t<h2 class=\"elementor-heading-title elementor-size-default\">\u00a1ENHORABUENA<\/h2>\t\t\t\t<\/div>\n\t\t\t\t<\/div>\n\t\t\t\t<\/div>\n\t\t\t\t<div class=\"elementor-element elementor-element-1b77babb elementor-widget__width-initial elementor-widget elementor-widget-text-editor\" data-id=\"1b77babb\" data-element_type=\"widget\" data-e-type=\"widget\" data-widget_type=\"text-editor.default\">\n\t\t\t\t<div class=\"elementor-widget-container\">\n\t\t\t\t\t\t\t\t\t<p><span style=\"font-weight: 400;\">Te doy mi m\u00e1s sincera enhorabuena!!<\/span><\/p><p><span style=\"font-weight: 400;\">Formas parte de un grupo reducido de personas que quieren <strong>mejorar<\/strong> sus vidas y tener las claves para mejorar su autoestima y ser capaces de generar <strong>relaciones<\/strong> m\u00e1s <strong>saludables<\/strong>.<\/span><\/p>\t\t\t\t\t\t\t\t<\/div>\n\t\t\t\t<\/div>\n\t\t\t\t<div class=\"elementor-element elementor-element-2ca1bd7f elementor-widget__width-initial elementor-widget elementor-widget-text-editor\" data-id=\"2ca1bd7f\" data-element_type=\"widget\" data-e-type=\"widget\" data-widget_type=\"text-editor.default\">\n\t\t\t\t<div class=\"elementor-widget-container\">\n\t\t\t\t\t\t\t\t\t\u00a1Est\u00e1s dentro del evento!\t\t\t\t\t\t\t\t<\/div>\n\t\t\t\t<\/div>\n\t\t\t\t<div class=\"elementor-element elementor-element-62f7cc4a elementor-widget elementor-widget-image\" data-id=\"62f7cc4a\" data-element_type=\"widget\" data-e-type=\"widget\" data-widget_type=\"image.default\">\n\t\t\t\t<div class=\"elementor-widget-container\">\n\t\t\t\t\t\t\t\t\t\t\t\t\t\t\t<img fetchpriority=\"high\" decoding=\"async\" width=\"643\" height=\"313\" src=\"https:\/\/formacion.psicothing.com\/wp-content\/uploads\/2024\/05\/LOGO-RELACIONES-SALUDABLES.png\" class=\"attachment-full size-full wp-image-97\" alt=\"\" srcset=\"https:\/\/formacion.psicothing.com\/wp-content\/uploads\/2024\/05\/LOGO-RELACIONES-SALUDABLES.png 643w, https:\/\/formacion.psicothing.com\/wp-content\/uploads\/2024\/05\/LOGO-RELACIONES-SALUDABLES-300x146.png 300w\" sizes=\"(max-width: 643px) 100vw, 643px\" \/>\t\t\t\t\t\t\t\t\t\t\t\t\t\t\t<\/div>\n\t\t\t\t<\/div>\n\t\t\t\t<div class=\"elementor-element elementor-element-6ad7e6b4 elementor-countdown--label-block elementor-widget elementor-widget-countdown\" data-id=\"6ad7e6b4\" data-element_type=\"widget\" data-e-type=\"widget\" data-widget_type=\"countdown.default\">\n\t\t\t\t<div class=\"elementor-widget-container\">\n\t\t\t\t\t\t\t<div class=\"elementor-countdown-wrapper\" data-date=\"1686247200\">\n\t\t\t<div class=\"elementor-countdown-item\"><span class=\"elementor-countdown-digits elementor-countdown-days\"><\/span> <span class=\"elementor-countdown-label\">D<\/span><\/div><div class=\"elementor-countdown-item\"><span class=\"elementor-countdown-digits elementor-countdown-hours\"><\/span> <span class=\"elementor-countdown-label\">Hrs<\/span><\/div><div class=\"elementor-countdown-item\"><span class=\"elementor-countdown-digits elementor-countdown-minutes\"><\/span> <span class=\"elementor-countdown-label\">Min<\/span><\/div><div class=\"elementor-countdown-item\"><span class=\"elementor-countdown-digits elementor-countdown-seconds\"><\/span> <span class=\"elementor-countdown-label\">Seg<\/span><\/div>\t\t<\/div>\n\t\t\t\t\t\t<\/div>\n\t\t\t\t<\/div>\n\t\t\t\t<div class=\"elementor-element elementor-element-51881371 elementor-widget__width-initial elementor-widget-mobile__width-inherit elementor-widget elementor-widget-shortcode\" data-id=\"51881371\" data-element_type=\"widget\" data-e-type=\"widget\" data-widget_type=\"shortcode.default\">\n\t\t\t\t<div class=\"elementor-widget-container\">\n\t\t\t\t\t\t\t<div class=\"elementor-shortcode\">[presto_player id=68433]<\/div>\n\t\t\t\t\t\t<\/div>\n\t\t\t\t<\/div>\n\t\t\t\t<div class=\"elementor-element elementor-element-84ae933 elementor-widget__width-initial elementor-widget elementor-widget-text-editor\" data-id=\"84ae933\" data-element_type=\"widget\" data-e-type=\"widget\" data-widget_type=\"text-editor.default\">\n\t\t\t\t<div class=\"elementor-widget-container\">\n\t\t\t\t\t\t\t\t\t\u00a1IMPORTANTE!\t\t\t\t\t\t\t\t<\/div>\n\t\t\t\t<\/div>\n\t\t\t\t<div class=\"elementor-element elementor-element-50ebef4b elementor-widget__width-initial elementor-widget elementor-widget-text-editor\" data-id=\"50ebef4b\" data-element_type=\"widget\" data-e-type=\"widget\" data-widget_type=\"text-editor.default\">\n\t\t\t\t<div class=\"elementor-widget-container\">\n\t\t\t\t\t\t\t\t\tSigue navegando por la web, TU REGALO est\u00e1 dentro de esta p\u00e1gina.\t\t\t\t\t\t\t\t<\/div>\n\t\t\t\t<\/div>\n\t\t\t\t<\/div>\n\t\t<div class=\"elementor-element elementor-element-49ba2804 e-con-full e-flex e-con e-parent\" data-id=\"49ba2804\" data-element_type=\"container\" data-e-type=\"container\" data-settings=\"{&quot;background_background&quot;:&quot;classic&quot;}\">\n\t\t\t\t<div class=\"elementor-element elementor-element-3e2b9174 elementor-absolute elementor-hidden-mobile elementor-widget elementor-widget-image\" data-id=\"3e2b9174\" data-element_type=\"widget\" data-e-type=\"widget\" data-settings=\"{&quot;_position&quot;:&quot;absolute&quot;}\" data-widget_type=\"image.default\">\n\t\t\t\t<div class=\"elementor-widget-container\">\n\t\t\t\t\t\t\t\t\t\t\t\t\t\t\t<img decoding=\"async\" width=\"1920\" height=\"891\" src=\"https:\/\/formacion.psicothing.com\/wp-content\/uploads\/2024\/04\/Grupo-12768.png\" class=\"attachment-full size-full wp-image-65\" alt=\"\" srcset=\"https:\/\/formacion.psicothing.com\/wp-content\/uploads\/2024\/04\/Grupo-12768.png 1920w, https:\/\/formacion.psicothing.com\/wp-content\/uploads\/2024\/04\/Grupo-12768-300x139.png 300w, https:\/\/formacion.psicothing.com\/wp-content\/uploads\/2024\/04\/Grupo-12768-1024x475.png 1024w, https:\/\/formacion.psicothing.com\/wp-content\/uploads\/2024\/04\/Grupo-12768-768x356.png 768w, https:\/\/formacion.psicothing.com\/wp-content\/uploads\/2024\/04\/Grupo-12768-1536x713.png 1536w\" sizes=\"(max-width: 1920px) 100vw, 1920px\" \/>\t\t\t\t\t\t\t\t\t\t\t\t\t\t\t<\/div>\n\t\t\t\t<\/div>\n\t\t<div class=\"elementor-element elementor-element-2caa312e e-con-full e-flex e-con e-child\" data-id=\"2caa312e\" data-element_type=\"container\" data-e-type=\"container\">\n\t\t<div class=\"elementor-element elementor-element-5d54f370 e-con-full e-flex e-con e-child\" data-id=\"5d54f370\" data-element_type=\"container\" data-e-type=\"container\">\n\t\t\t\t<div class=\"elementor-element elementor-element-5c4c885a elementor-widget__width-initial elementor-widget elementor-widget-heading\" data-id=\"5c4c885a\" data-element_type=\"widget\" data-e-type=\"widget\" data-widget_type=\"heading.default\">\n\t\t\t\t<div class=\"elementor-widget-container\">\n\t\t\t\t\t<h2 class=\"elementor-heading-title elementor-size-default\">\u00daNETE A NUESTRO <b style=\"color:#EED393\">GRUPO PRIVADO<\/b> <\/h2>\t\t\t\t<\/div>\n\t\t\t\t<\/div>\n\t\t<div class=\"elementor-element elementor-element-49c6bda1 e-con-full e-flex e-con e-child\" data-id=\"49c6bda1\" data-element_type=\"container\" data-e-type=\"container\">\n\t\t<div class=\"elementor-element elementor-element-1a7b063a e-con-full e-flex e-con e-child\" data-id=\"1a7b063a\" data-element_type=\"container\" data-e-type=\"container\" data-settings=\"{&quot;background_background&quot;:&quot;classic&quot;}\">\n\t\t\t\t<\/div>\n\t\t<div class=\"elementor-element elementor-element-4af99581 e-con-full e-flex e-con e-child\" data-id=\"4af99581\" data-element_type=\"container\" data-e-type=\"container\" data-settings=\"{&quot;background_background&quot;:&quot;classic&quot;}\">\n\t\t\t\t<\/div>\n\t\t<div class=\"elementor-element elementor-element-1029f336 e-con-full e-flex e-con e-child\" data-id=\"1029f336\" data-element_type=\"container\" data-e-type=\"container\" data-settings=\"{&quot;background_background&quot;:&quot;classic&quot;}\">\n\t\t\t\t<\/div>\n\t\t\t\t<\/div>\n\t\t\t\t<div class=\"elementor-element elementor-element-6507c454 elementor-widget__width-initial elementor-widget-mobile__width-inherit elementor-widget elementor-widget-text-editor\" data-id=\"6507c454\" data-element_type=\"widget\" data-e-type=\"widget\" data-widget_type=\"text-editor.default\">\n\t\t\t\t<div class=\"elementor-widget-container\">\n\t\t\t\t\t\t\t\t\t<p><span style=\"font-weight: 400;\">Formamos una comunidad de personas que <\/span><span style=\"font-weight: 400;\">compartiremos experiencias y apoyo mutuo<\/span><\/p><p><span style=\"font-weight: 400;\">Dentro de este grupo vas a encontrar un entorno seguro y acceso exclusivo a contenido, consejos pr\u00e1cticos y ejercicios para trabajar en ti y en tus relaciones. La privacidad es lo m\u00e1s importante para m\u00ed por lo que tu n\u00famero de tel\u00e9fono es confidencial y nadie ver\u00e1 tu n\u00famero.<\/span><\/p>\t\t\t\t\t\t\t\t<\/div>\n\t\t\t\t<\/div>\n\t\t\t\t<div class=\"elementor-element elementor-element-36a91343 elementor-widget__width-inherit elementor-widget elementor-widget-heading\" data-id=\"36a91343\" data-element_type=\"widget\" data-e-type=\"widget\" data-widget_type=\"heading.default\">\n\t\t\t\t<div class=\"elementor-widget-container\">\n\t\t\t\t\t<h2 class=\"elementor-heading-title elementor-size-default\">Puedes entrar haciendo clic en el bot\u00f3n de <b style=\"color:#EED393\">aqu\u00ed abajo<\/b><\/h2>\t\t\t\t<\/div>\n\t\t\t\t<\/div>\n\t\t\t\t<div class=\"elementor-element elementor-element-52d25174 elementor-widget elementor-widget-image\" data-id=\"52d25174\" data-element_type=\"widget\" data-e-type=\"widget\" data-widget_type=\"image.default\">\n\t\t\t\t<div class=\"elementor-widget-container\">\n\t\t\t\t\t\t\t\t\t\t\t\t\t\t\t<img decoding=\"async\" width=\"300\" height=\"75\" src=\"https:\/\/formacion.psicothing.com\/wp-content\/uploads\/2024\/04\/Flechas-blancas-1-1-300x75.png\" class=\"attachment-medium size-medium wp-image-66\" alt=\"\" srcset=\"https:\/\/formacion.psicothing.com\/wp-content\/uploads\/2024\/04\/Flechas-blancas-1-1-300x75.png 300w, https:\/\/formacion.psicothing.com\/wp-content\/uploads\/2024\/04\/Flechas-blancas-1-1-1024x256.png 1024w, https:\/\/formacion.psicothing.com\/wp-content\/uploads\/2024\/04\/Flechas-blancas-1-1-768x192.png 768w, https:\/\/formacion.psicothing.com\/wp-content\/uploads\/2024\/04\/Flechas-blancas-1-1.png 1080w\" sizes=\"(max-width: 300px) 100vw, 300px\" \/>\t\t\t\t\t\t\t\t\t\t\t\t\t\t\t<\/div>\n\t\t\t\t<\/div>\n\t\t\t\t<div class=\"elementor-element elementor-element-28ff72eb elementor-align-justify elementor-widget__width-initial elementor-widget elementor-widget-button\" data-id=\"28ff72eb\" data-element_type=\"widget\" data-e-type=\"widget\" data-widget_type=\"button.default\">\n\t\t\t\t<div class=\"elementor-widget-container\">\n\t\t\t\t\t\t\t\t\t<div class=\"elementor-button-wrapper\">\n\t\t\t\t\t<a class=\"elementor-button elementor-button-link elementor-size-md\" href=\"https:\/\/wapp.ly\/g\/12981MjUe?nombre=nombre&#038;email=email\">\n\t\t\t\t\t\t<span class=\"elementor-button-content-wrapper\">\n\t\t\t\t\t\t\t\t\t<span class=\"elementor-button-text\">QUIERO UNIRME AL GRUPO PRIVADO DE WHATSAPP<\/span>\n\t\t\t\t\t<\/span>\n\t\t\t\t\t<\/a>\n\t\t\t\t<\/div>\n\t\t\t\t\t\t\t\t<\/div>\n\t\t\t\t<\/div>\n\t\t\t\t<\/div>\n\t\t<div class=\"elementor-element elementor-element-37aed946 e-con-full e-flex e-con e-child\" data-id=\"37aed946\" data-element_type=\"container\" data-e-type=\"container\">\n\t\t\t\t<\/div>\n\t\t\t\t<\/div>\n\t\t\t\t<\/div>\n\t\t<div class=\"elementor-element elementor-element-396d95ee e-con-full e-flex e-con e-parent\" data-id=\"396d95ee\" data-element_type=\"container\" data-e-type=\"container\" data-settings=\"{&quot;background_background&quot;:&quot;classic&quot;}\">\n\t\t<div class=\"elementor-element elementor-element-4de16531 e-con-full e-flex e-con e-child\" data-id=\"4de16531\" data-element_type=\"container\" data-e-type=\"container\">\n\t\t\t\t<div class=\"elementor-element elementor-element-108b0e9d elementor-widget__width-initial elementor-widget elementor-widget-heading\" data-id=\"108b0e9d\" data-element_type=\"widget\" data-e-type=\"widget\" data-widget_type=\"heading.default\">\n\t\t\t\t<div class=\"elementor-widget-container\">\n\t\t\t\t\t<h2 class=\"elementor-heading-title elementor-size-default\">COMO TE COMENT\u00c9 <b style=\"color:#EED393\">SOY M\u00c1S DE HECHOS<\/b> QUE DE PALABRAS<\/h2>\t\t\t\t<\/div>\n\t\t\t\t<\/div>\n\t\t<div class=\"elementor-element elementor-element-561beabf e-con-full e-flex e-con e-child\" data-id=\"561beabf\" data-element_type=\"container\" data-e-type=\"container\">\n\t\t<div class=\"elementor-element elementor-element-305402f9 e-con-full e-flex e-con e-child\" data-id=\"305402f9\" data-element_type=\"container\" data-e-type=\"container\" data-settings=\"{&quot;background_background&quot;:&quot;classic&quot;}\">\n\t\t\t\t<\/div>\n\t\t<div class=\"elementor-element elementor-element-4f3a215a e-con-full e-flex e-con e-child\" data-id=\"4f3a215a\" data-element_type=\"container\" data-e-type=\"container\" data-settings=\"{&quot;background_background&quot;:&quot;classic&quot;}\">\n\t\t\t\t<\/div>\n\t\t<div class=\"elementor-element elementor-element-3ec2847a e-con-full e-flex e-con e-child\" data-id=\"3ec2847a\" data-element_type=\"container\" data-e-type=\"container\" data-settings=\"{&quot;background_background&quot;:&quot;classic&quot;}\">\n\t\t\t\t<\/div>\n\t\t\t\t<\/div>\n\t\t\t\t<div class=\"elementor-element elementor-element-793d30e1 elementor-widget__width-initial elementor-widget-mobile__width-inherit elementor-widget elementor-widget-text-editor\" data-id=\"793d30e1\" data-element_type=\"widget\" data-e-type=\"widget\" data-widget_type=\"text-editor.default\">\n\t\t\t\t<div class=\"elementor-widget-container\">\n\t\t\t\t\t\t\t\t\t<p>Quiero que conozcas la historia de otras personas que, al igual que t\u00fa, decidieron dar el paso y comenzar a cambiar su vida.<\/p>\t\t\t\t\t\t\t\t<\/div>\n\t\t\t\t<\/div>\n\t\t<div class=\"elementor-element elementor-element-495f0327 e-con-full e-flex e-con e-child\" data-id=\"495f0327\" data-element_type=\"container\" data-e-type=\"container\">\n\t\t\t\t<div class=\"elementor-element elementor-element-17d21c0 elementor-widget elementor-widget-image\" data-id=\"17d21c0\" data-element_type=\"widget\" data-e-type=\"widget\" data-widget_type=\"image.default\">\n\t\t\t\t<div class=\"elementor-widget-container\">\n\t\t\t\t\t\t\t\t\t\t\t\t\t\t\t<img decoding=\"async\" src=\"https:\/\/formacion.psicothing.com\/wp-content\/plugins\/elementor\/assets\/images\/placeholder.png\" title=\"\" alt=\"\" loading=\"lazy\" \/>\t\t\t\t\t\t\t\t\t\t\t\t\t\t\t<\/div>\n\t\t\t\t<\/div>\n\t\t\t\t<\/div>\n\t\t\t\t<\/div>\n\t\t\t\t<\/div>\n\t\t<div class=\"elementor-element elementor-element-1d954215 e-con-full e-flex e-con e-parent\" data-id=\"1d954215\" data-element_type=\"container\" data-e-type=\"container\" data-settings=\"{&quot;background_background&quot;:&quot;classic&quot;}\">\n\t\t<div class=\"elementor-element elementor-element-330dc67f e-con-full e-flex e-con e-child\" data-id=\"330dc67f\" data-element_type=\"container\" data-e-type=\"container\">\n\t\t\t\t<div class=\"elementor-element elementor-element-738fb387 elementor-widget__width-initial elementor-widget elementor-widget-heading\" data-id=\"738fb387\" data-element_type=\"widget\" data-e-type=\"widget\" data-widget_type=\"heading.default\">\n\t\t\t\t<div class=\"elementor-widget-container\">\n\t\t\t\t\t<h2 class=\"elementor-heading-title elementor-size-default\">\u00a1AHORA <b style=\"color:#EED393;font-size:\">S\u00cd<\/b>!<\/h2>\t\t\t\t<\/div>\n\t\t\t\t<\/div>\n\t\t\t\t<div class=\"elementor-element elementor-element-78e9f0c6 elementor-widget__width-initial elementor-widget-mobile__width-inherit elementor-widget elementor-widget-text-editor\" data-id=\"78e9f0c6\" data-element_type=\"widget\" data-e-type=\"widget\" data-widget_type=\"text-editor.default\">\n\t\t\t\t<div class=\"elementor-widget-container\">\n\t\t\t\t\t\t\t\t\tLo prometido es deuda, aqu\u00ed tienes <b style=\"font-weight:700\">TU REGALO<\/b> solo por haberte registrado al evento online del pr\u00f3ximo 8 de junio a las 19 H (Madrid, ES).\t\t\t\t\t\t\t\t<\/div>\n\t\t\t\t<\/div>\n\t\t\t\t<div class=\"elementor-element elementor-element-49f196f1 elementor-widget__width-initial elementor-widget-mobile__width-inherit elementor-widget elementor-widget-text-editor\" data-id=\"49f196f1\" data-element_type=\"widget\" data-e-type=\"widget\" data-widget_type=\"text-editor.default\">\n\t\t\t\t<div class=\"elementor-widget-container\">\n\t\t\t\t\t\t\t\t\t<p>\u00bfEst\u00e1s preparado\/a para lo que se viene? Esto es solo el comienzo.<\/p>\t\t\t\t\t\t\t\t<\/div>\n\t\t\t\t<\/div>\n\t\t\t\t<\/div>\n\t\t<div class=\"elementor-element elementor-element-52a35804 e-con-full e-flex e-con e-child\" data-id=\"52a35804\" data-element_type=\"container\" data-e-type=\"container\">\n\t\t<div class=\"elementor-element elementor-element-52070f0c e-con-full e-flex e-con e-child\" data-id=\"52070f0c\" data-element_type=\"container\" data-e-type=\"container\">\n\t\t\t\t<div class=\"elementor-element elementor-element-3a2ec9aa elementor-widget elementor-widget-shortcode\" data-id=\"3a2ec9aa\" data-element_type=\"widget\" data-e-type=\"widget\" data-widget_type=\"shortcode.default\">\n\t\t\t\t<div class=\"elementor-widget-container\">\n\t\t\t\t\t\t\t<div class=\"elementor-shortcode\">[presto_player id=82469]<\/div>\n\t\t\t\t\t\t<\/div>\n\t\t\t\t<\/div>\n\t\t\t\t<\/div>\n\t\t<div class=\"elementor-element elementor-element-4a245712 e-con-full e-flex e-con e-child\" data-id=\"4a245712\" data-element_type=\"container\" data-e-type=\"container\">\n\t\t\t\t<div class=\"elementor-element elementor-element-2d9f6e5d elementor-widget elementor-widget-image\" data-id=\"2d9f6e5d\" data-element_type=\"widget\" data-e-type=\"widget\" data-widget_type=\"image.default\">\n\t\t\t\t<div class=\"elementor-widget-container\">\n\t\t\t\t\t\t\t\t\t\t\t\t\t\t\t<img loading=\"lazy\" decoding=\"async\" width=\"7990\" height=\"5327\" src=\"https:\/\/formacion.psicothing.com\/wp-content\/uploads\/2024\/04\/EA23-05-01-04_MOCKUP_PRESUPUESTO_02.png\" class=\"attachment-full size-full wp-image-38\" alt=\"\" srcset=\"https:\/\/formacion.psicothing.com\/wp-content\/uploads\/2024\/04\/EA23-05-01-04_MOCKUP_PRESUPUESTO_02.png 7990w, https:\/\/formacion.psicothing.com\/wp-content\/uploads\/2024\/04\/EA23-05-01-04_MOCKUP_PRESUPUESTO_02-300x200.png 300w, https:\/\/formacion.psicothing.com\/wp-content\/uploads\/2024\/04\/EA23-05-01-04_MOCKUP_PRESUPUESTO_02-1024x683.png 1024w, https:\/\/formacion.psicothing.com\/wp-content\/uploads\/2024\/04\/EA23-05-01-04_MOCKUP_PRESUPUESTO_02-768x512.png 768w, https:\/\/formacion.psicothing.com\/wp-content\/uploads\/2024\/04\/EA23-05-01-04_MOCKUP_PRESUPUESTO_02-1536x1024.png 1536w, https:\/\/formacion.psicothing.com\/wp-content\/uploads\/2024\/04\/EA23-05-01-04_MOCKUP_PRESUPUESTO_02-2048x1365.png 2048w\" sizes=\"(max-width: 7990px) 100vw, 7990px\" \/>\t\t\t\t\t\t\t\t\t\t\t\t\t\t\t<\/div>\n\t\t\t\t<\/div>\n\t\t\t\t<div class=\"elementor-element elementor-element-7bfaba22 elementor-widget__width-inherit elementor-widget elementor-widget-heading\" data-id=\"7bfaba22\" data-element_type=\"widget\" data-e-type=\"widget\" data-widget_type=\"heading.default\">\n\t\t\t\t<div class=\"elementor-widget-container\">\n\t\t\t\t\t<h2 class=\"elementor-heading-title elementor-size-default\">PLANTILLA DE PRESUPUESTO PERSONAL<\/h2>\t\t\t\t<\/div>\n\t\t\t\t<\/div>\n\t\t\t\t<\/div>\n\t\t\t\t<\/div>\n\t\t\t\t<div class=\"elementor-element elementor-element-471549a5 elementor-widget__width-inherit elementor-widget elementor-widget-heading\" data-id=\"471549a5\" data-element_type=\"widget\" data-e-type=\"widget\" data-widget_type=\"heading.default\">\n\t\t\t\t<div class=\"elementor-widget-container\">\n\t\t\t\t\t<h2 class=\"elementor-heading-title elementor-size-default\">Haz clic en el bot\u00f3n de abajo para descargar la plantilla\n<\/h2>\t\t\t\t<\/div>\n\t\t\t\t<\/div>\n\t\t\t\t<div class=\"elementor-element elementor-element-6de9b0fc elementor-widget elementor-widget-image\" data-id=\"6de9b0fc\" data-element_type=\"widget\" data-e-type=\"widget\" data-widget_type=\"image.default\">\n\t\t\t\t<div class=\"elementor-widget-container\">\n\t\t\t\t\t\t\t\t\t\t\t\t\t\t\t<img decoding=\"async\" width=\"300\" height=\"75\" src=\"https:\/\/formacion.psicothing.com\/wp-content\/uploads\/2024\/04\/Flechas-blancas-1-1-300x75.png\" class=\"attachment-medium size-medium wp-image-66\" alt=\"\" srcset=\"https:\/\/formacion.psicothing.com\/wp-content\/uploads\/2024\/04\/Flechas-blancas-1-1-300x75.png 300w, https:\/\/formacion.psicothing.com\/wp-content\/uploads\/2024\/04\/Flechas-blancas-1-1-1024x256.png 1024w, https:\/\/formacion.psicothing.com\/wp-content\/uploads\/2024\/04\/Flechas-blancas-1-1-768x192.png 768w, https:\/\/formacion.psicothing.com\/wp-content\/uploads\/2024\/04\/Flechas-blancas-1-1.png 1080w\" sizes=\"(max-width: 300px) 100vw, 300px\" \/>\t\t\t\t\t\t\t\t\t\t\t\t\t\t\t<\/div>\n\t\t\t\t<\/div>\n\t\t\t\t<div class=\"elementor-element elementor-element-6e11fcb8 elementor-align-justify elementor-widget__width-initial elementor-widget elementor-widget-button\" data-id=\"6e11fcb8\" data-element_type=\"widget\" data-e-type=\"widget\" data-widget_type=\"button.default\">\n\t\t\t\t<div class=\"elementor-widget-container\">\n\t\t\t\t\t\t\t\t\t<div class=\"elementor-button-wrapper\">\n\t\t\t\t\t<a class=\"elementor-button elementor-button-link elementor-size-md\" href=\"https:\/\/eleven-academy.com\/wp-content\/uploads\/2023\/05\/YDRAY-PRESUPUESTO-PERSONAL_1.xlsx\">\n\t\t\t\t\t\t<span class=\"elementor-button-content-wrapper\">\n\t\t\t\t\t\t\t\t\t<span class=\"elementor-button-text\">QUIERO DESCARGAR MI REGALO AHORA<\/span>\n\t\t\t\t\t<\/span>\n\t\t\t\t\t<\/a>\n\t\t\t\t<\/div>\n\t\t\t\t\t\t\t\t<\/div>\n\t\t\t\t<\/div>\n\t\t\t\t<\/div>\n\t\t\t\t<\/div>\n\t\t","protected":false},"excerpt":{"rendered":"<p>\u00a1ENHORABUENA Te doy mi m\u00e1s sincera enhorabuena!! Formas parte de un grupo reducido de personas que quieren mejorar sus vidas y tener las claves para mejorar su autoestima y ser capaces de generar relaciones m\u00e1s saludables. \u00a1Est\u00e1s dentro del evento! D Hrs Min Seg [presto_player id=68433]\u00a1IMPORTANTE!Sigue navegando por la web, TU REGALO est\u00e1 dentro de [&hellip;]<\/p>\n","protected":false},"author":1,"featured_media":0,"parent":0,"menu_order":0,"comment_status":"closed","ping_status":"closed","template":"elementor_header_footer","meta":{"footnotes":""},"class_list":["post-63","page","type-page","status-publish","hentry"],"_links":{"self":[{"href":"https:\/\/formacion.psicothing.com\/index.php\/wp-json\/wp\/v2\/pages\/63","targetHints":{"allow":["GET"]}}],"collection":[{"href":"https:\/\/formacion.psicothing.com\/index.php\/wp-json\/wp\/v2\/pages"}],"about":[{"href":"https:\/\/formacion.psicothing.com\/index.php\/wp-json\/wp\/v2\/types\/page"}],"author":[{"embeddable":true,"href":"https:\/\/formacion.psicothing.com\/index.php\/wp-json\/wp\/v2\/users\/1"}],"replies":[{"embeddable":true,"href":"https:\/\/formacion.psicothing.com\/index.php\/wp-json\/wp\/v2\/comments?post=63"}],"version-history":[{"count":19,"href":"https:\/\/formacion.psicothing.com\/index.php\/wp-json\/wp\/v2\/pages\/63\/revisions"}],"predecessor-version":[{"id":128,"href":"https:\/\/formacion.psicothing.com\/index.php\/wp-json\/wp\/v2\/pages\/63\/revisions\/128"}],"wp:attachment":[{"href":"https:\/\/formacion.psicothing.com\/index.php\/wp-json\/wp\/v2\/media?parent=63"}],"curies":[{"name":"wp","href":"https:\/\/api.w.org\/{rel}","templated":true}]}}